44898.
2, 3, 7, 1069
What are the prime factors of 389053?
7, 55579
What are the prime factors of 3024537?
3, 167, 6037
List the prime factors of 745767.
3, 11, 31
What are the prime factors of 996951?
3, 332317
What are the prime factors of 31987?
29, 1103
List the prime factors of 5913700.
2, 5, 13, 4549
What are the prime factors of 11512222?
2, 31, 185681
List the prime factors of 2725403.
277, 9839
List the prime factors of 219616.
2, 6863
List the prime factors of 6990806.
2, 53, 65951
List the prime factors of 118657.
7, 11, 23, 67
What are the prime factors of 702944?
2, 11, 1997
What are the prime factors of 423834?
2, 3, 70639
List the prime factors of 14357279.
191, 75169
List the prime factors of 130363.
130363
What are the prime factors of 486701?
179, 2719
List the prime factors of 445688.
2, 55711
List the prime factors of 221278.
2, 31, 43, 83
What are the prime factors of 1349062?
2, 11, 13, 53, 89
List the prime factors of 122699.
29, 4231
List the prime factors of 9741884.
2, 17, 143263
List the prime factors of 157545.
3, 5, 389
List the prime factors of 583888.
2, 36493
What are the prime factors of 4170531?
3, 1390177
List the prime factors of 1101510.
2, 3, 5, 12239
What are the prime factors of 31431268?
2, 11, 809, 883
What are the prime factors of 616320?
2, 3, 5, 107
List the prime factors of 2344253.
2344253
List the prime factors of 19035041.
727, 26183
List the prime factors of 225485.
5, 13, 3469
List the prime factors of 879752.
2, 277, 397
What are the prime factors of 85239?
3, 7, 11, 41
List the prime factors of 19931395.
5, 11, 17, 21317
List the prime factors of 12630.
2, 3, 5, 421
What are the prime factors of 4781318?
2, 17, 140627
What are the prime factors of 6573952?
2, 7, 11, 23, 29
List the prime factors of 53350.
2, 5, 11, 97
What are the prime factors of 20440413?
3, 7, 324451
What are the prime factors of 1257988?
2, 314497
List the prime factors of 6043060.
2, 5, 53, 5701
What are the prime factors of 3824413?
3824413
What are the prime factors of 3390717?
3, 11, 37, 2777
What are the prime factors of 461521?
461521
List the prime factors of 121288.
2, 15161
What are the prime factors of 4911093?
3, 11, 113, 439
List the prime factors of 175562.
2, 41, 2141
What are the prime factors of 2184762?
2, 3, 364127
What are the prime factors of 12177229?
1171, 10399
What are the prime factors of 3081387?
3, 1027129
List the prime factors of 313987.
313987
What are the prime factors of 326790?
2, 3, 5, 3631
What are the prime factors of 17880912?
2, 3, 7, 73
List the prime factors of 4306707.
3, 478523
List the prime factors of 8240294.
2, 59, 69833
List the prime factors of 574221.
3, 277, 691
List the prime factors of 406703.
11, 36973
What are the prime factors of 5099510?
2, 5, 13, 39227
What are the prime factors of 7283329?
163, 44683
List the prime factors of 371042.
2, 7, 17, 1559
List the prime factors of 8305265.
5, 17, 199, 491
List the prime factors of 12732139.
7, 103, 17659
List the prime factors of 50025.
3, 5, 23, 29
List the prime factors of 148084.
2, 37021
What are the prime factors of 6760438?
2, 1277, 2647
What are the prime factors of 7913659?
13, 608743
What are the prime factors of 244612?
2, 61153
What are the prime factors of 83920?
2, 5, 1049
List the prime factors of 3373023.
3, 409, 2749
List the prime factors of 1912134.
2, 3, 7, 53, 859
What are the prime factors of 1184001?
3, 7, 13, 4337
List the prime factors of 789158.
2, 394579
What are the prime factors of 927191?
927191
List the prime factors of 4129786.
2, 71, 127, 229
What are the prime factors of 7401839?
31, 113, 2113
What are the prime factors of 473715?
3, 5, 11, 29
What are the prime factors of 11626374?
2, 3, 1937729
What are the prime factors of 89705?
5, 7, 11, 233
List the prime factors of 76014.
2, 3, 41, 103
What are the prime factors of 2612375?
5, 20899
List the prime factors of 6422068.
2, 79, 20323
List the prime factors of 1744368.
2, 3, 36341
What are the prime factors of 55120?
2, 5, 13, 53
List the prime factors of 13333349.
127, 104987
List the prime factors of 383507.
61, 6287
List the prime factors of 115515.
3, 5, 17, 151
List the prime factors of 402987.
3, 13, 10333
What are the prime factors of 582283?
13, 47, 953
What are the prime factors of 4249294?
2, 7, 31, 9791
What are the prime factors of 2923724?
2, 389, 1879
List the prime factors of 304815.
3, 5, 7, 2903
What are the prime factors of 53470?
2, 5, 5347
List the prime factors of 82072.
2, 10259
List the prime factors of 6093900.
2, 3, 5, 37, 61
What are the prime factors of 972578?
2, 23, 21143
What are the prime factors of 13847693?
1669, 8297
List the prime factors of 996986.
2, 498493
List the prime factors of 239910.
2, 3, 5, 11, 727
List the prime factors of 1465998.
2, 3, 244333
List the prime factors of 24336379.
59, 412481
List the prime factors of 3786849.
3, 11, 29, 1319
What are the prime factors of 179840?
2, 5, 281
List the prime factors of 3484305.
3, 5, 11, 7039
What are the prime factors of 496407?
3, 165469
List the prime factors of 105306.
2, 3, 17551
What are the prime factors of 1299438?
2, 3, 7, 10313
List the prime factors of 2981222.
2, 17, 87683
List the prime factors of 302089.
181, 1669
List the prime factors of 12573773.
53, 131, 1811
List the prime factors of 575854.
2, 83, 3469
List the prime factors of 1343182.
2, 671591
List the prime factors of 294555.
3, 5, 73, 269
What are the prime factors of 248670?
2, 3, 5, 307
List the prime factors of 8611776.
2, 3, 14951
List the prime factors of 82279.
82279
List the prime factors of 4462409.
7, 317, 2011
List the prime factors of 2017483.
13, 155191
List the prime factors of 38854094.
2, 101, 192347
List the prime factors of 87696.
2, 3, 7, 29
List the prime factors of 8272253.
11, 752023
List the prime factors of 4478132.
2, 61, 18353
What are the prime factors of 322254?
2, 3, 17903
List the prime factors of 1109474.
2, 23, 89, 271
List the prime factors of 1071663.
3, 17, 21013
List the prime factors of 2866760.
2, 5, 13, 37, 149
What are the prime factors of 570639?
3, 17, 67, 167
List the prime factors of 389159.
107, 3637
What are the prime factors of 2144454?
2, 3, 13, 19, 1447
What are the prime factors of 15461498?
2, 13, 31, 19183
What are the prime factors of 315819?
3, 7, 557
What are the prime factors of 1992323?
53, 37591
What are the prime factors of 135474?
2, 3, 67, 337
What are the prime factors of 20949823?
20949823
List the prime factors of 163218.
2, 3, 11, 2473
List the prime factors of 200559.
3, 66853
List the prime factors of 4730977.
61, 77557
What are the prime factors of 2037319?
109, 18691
List the prime factors of 1595047.
1595047
List the prime factors of 3182425.
5, 127297
What are the prime factors of 1239299?
53, 67, 349
List the prime factors of 618679.
618679
List the prime factors of 4594522.
2, 17, 7949
What are the prime factors of 249948?
2, 3, 53, 131
What are the prime factors of 24691484?
2, 601, 10271
List the prime factors of 5397119.
7, 13, 127, 467
What are the prime factors of 3851112?
2, 3, 17, 9439
List the prime factors of 10920080.
2, 5, 136501
List the prime factors of 12675402.
2, 3, 704189
What are the prime factors of 17053459?
17053459
What are the prime factors of 365915?
5, 11, 6653
What are the prime factors of 8734491?
3, 71, 13669
What are the prime factors of 1030773?
3, 343591
What are the prime factors of 3387431?
47, 72073
List the prime factors of 2544564.
2, 3, 11, 37, 521
What are the prime factors of 1250304?
2, 3, 11, 37
What are the prime factors of 5352898?
2, 43, 67, 929
What are the prime factors of 371706?
2, 3, 41, 1511
List the prime factors of 9397167.
3, 13, 240953
List the prime factors of 68266.
2, 11, 29, 107
What are the prime factors of 3714903?
3, 45863
What are the prime factors of 832855?
5, 166571
What are the prime factors of 7531031?
7531031
What are the prime factors of 285081?
3, 95027
What are the prime factors of 24325985?
5, 19, 13477
List the prime factors of 6169744.
2, 7, 31, 1777
What are the prime factors of 651074?
2, 325537
What are the prime factors of 1067338?
2, 23, 23203
What are the prime factors of 7370765?
5, 19, 77587
What are the prime facto